04 and 3864.
168
Calculate the highest common divisor of 45 and 120.
15
What is the highest common divisor of 851 and 23?
23
What is the highest common divisor of 703 and 57?
19
Calculate the highest common factor of 26 and 6.
2
Calculate the highest common factor of 5 and 45.
5
Calculate the greatest common factor of 99 and 935.
11
What is the highest common divisor of 28 and 20356?
28
Calculate the greatest common factor of 644 and 14.
14
What is the highest common divisor of 663 and 85?
17
What is the greatest common divisor of 14 and 3262?
14
Calculate the greatest common divisor of 50 and 4525.
25
Calculate the greatest common divisor of 6580 and 140.
140
What is the highest common divisor of 7 and 4375?
7
Calculate the greatest common factor of 1035 and 45.
45
Calculate the greatest common factor of 351 and 10296.
117
Calculate the greatest common factor of 520 and 78.
26
Calculate the greatest common factor of 108 and 1134.
54
Calculate the highest common factor of 136 and 17680.
136
Calculate the greatest common factor of 116 and 145.
29
Calculate the highest common factor of 54 and 459.
27
What is the highest common divisor of 241 and 1?
1
Calculate the highest common divisor of 448 and 7.
7
Calculate the greatest common factor of 20392 and 8.
8
Calculate the greatest common divisor of 5094 and 342.
18
Calculate the highest common factor of 1680 and 126.
42
Calculate the greatest common factor of 68 and 170.
34
What is the greatest common divisor of 209 and 475?
19
What is the greatest common factor of 18293 and 11?
11
Calculate the highest common factor of 67 and 67.
67
What is the highest common factor of 918 and 54?
54
Calculate the greatest common divisor of 144 and 504.
72
What is the greatest common factor of 6 and 978?
6
What is the greatest common factor of 12318 and 6?
6
What is the greatest common divisor of 1230 and 30?
30
What is the highest common divisor of 1887 and 51?
51
Calculate the greatest common divisor of 38 and 40.
2
What is the highest common factor of 605 and 495?
55
What is the highest common factor of 95 and 10?
5
Calculate the highest common divisor of 855 and 1881.
171
What is the highest common factor of 42 and 945?
21
What is the highest common divisor of 72 and 132?
12
Calculate the greatest common factor of 202 and 2929.
101
Calculate the greatest common divisor of 2835 and 105.
105
Calculate the greatest common divisor of 12176 and 32.
16
What is the greatest common factor of 675 and 25?
25
What is the greatest common factor of 2432 and 114?
38
What is the greatest common factor of 21 and 12999?
21
Calculate the greatest common divisor of 49 and 931.
49
Calculate the greatest common divisor of 1480 and 200.
40
Calculate the greatest common divisor of 14 and 48006.
14
What is the greatest common divisor of 268 and 4?
4
Calculate the greatest common factor of 3263 and 117.
13
Calculate the greatest common divisor of 392 and 112.
56
Calculate the highest common factor of 13536 and 9.
9
Calculate the highest common divisor of 22 and 55.
11
What is the highest common divisor of 882 and 18?
18
What is the highest common divisor of 12696 and 736?
184
Calculate the highest common factor of 49 and 147.
49
Calculate the highest common factor of 34 and 5593.
17
What is the greatest common divisor of 142 and 213?
71
Calculate the greatest common divisor of 294 and 462.
42
What is the greatest common factor of 63 and 119?
7
Calculate the highest common divisor of 24 and 8268.
12
What is the highest common divisor of 10 and 1555?
5
Calculate the highest common factor of 44 and 1474.
22
Calculate the greatest common divisor of 91 and 728.
91
What is the highest common factor of 40 and 104?
8
What is the greatest common divisor of 18 and 294?
6
Calculate the highest common factor of 425 and 15385.
85
What is the highest common divisor of 133 and 28?
7
What is the highest common factor of 704 and 2288?
176
Calculate the highest common factor of 13 and 5.
1
What is the greatest common divisor of 99 and 45?
9
What is the highest common divisor of 28749 and 222?
111
Calculate the highest common divisor of 25 and 400.
25
What is the highest common divisor of 21460 and 555?
185
What is the highest common factor of 400 and 16?
16
What is the highest common factor of 42 and 700?
14
What is the greatest common divisor of 3820 and 10?
10
What is the greatest common divisor of 21 and 273?
21
Calculate the highest common factor of 75 and 705.
15
Calculate the greatest common factor of 68 and 20.
4
Calculate the highest common divisor of 36 and 52.
4
What is the greatest common factor of 26 and 7852?
26
Calculate the highest common divisor of 43 and 817.
43
What is the greatest common factor of 1184 and 37?
37
Calculate the highest common factor of 1252 and 40.
4
What is the greatest common divisor of 468 and 276?
12
What is the highest common divisor of 1107 and 27?
27
Calculate the greatest common factor of 92 and 1012.
92
Calculate the greatest common divisor of 10 and 8230.
10
What is the greatest common factor of 13 and 533?
13
Calculate the highest common factor of 3231 and 18.
9
Calculate the greatest common divisor of 672 and 64.
32
Calculate the greatest common factor of 303 and 21816.
303
Calculate the highest common factor of 60 and 4905.
15
What is the greatest common factor of 38 and 209?
19
What is the highest common divisor of 41 and 615?
41
Calculate the greatest common divisor of 1196 and 52.
52
Calculate the greatest common factor of 7097 and 94.
47
What is the greatest common divisor of 34 and 306?
34
What is the greatest common factor of 783 and 54?
27
What is the highest common divisor of 294 and 2254?
98
Calculate the highest common factor of 736 and 32.
32
What is the greatest common factor of 1236 and 12?
12
Calculate the highest common factor of 81 and 432.
27
What is the highest common divisor of 505 and 45?
5
What is the highest common divisor of 404 and 1919?
101
What is the highest common factor of 11 and 583?
11
Calculate the highest common divisor of 6 and 771.
3
What is the highest common divisor of 9 and 1341?
9
Calculate the greatest common factor of 1508 and 52.
52
Calculate the highest common factor of 3751 and 1.
1
What is the greatest common factor of 3983 and 14?
7
What is the highest common divisor of 4777 and 51?
17
Calculate the greatest common factor of 126 and 224.
14
What is the greatest common factor of 154 and 3311?
77
What is the highest common divisor of 7 and 7?
7
Calculate the highest common factor of 891 and 621.
27
What is the greatest common divisor of 14155 and 38?
19
What is the greatest common factor of 1715 and 140?
35
What is the greatest common divisor of 1026 and 38?
38
What is the greatest common divisor of 246 and 6?
6
What is the greatest common divisor of 182 and 63?
7
What is the highest common factor of 60 and 1540?
20
What is the highest common divisor of 153 and 27693?
153
Calculate the greatest common divisor of 154 and 8624.
154
What is the greatest common divisor of 2 and 34?
2
Calculate the greatest common factor of 119 and 4386.
17
Calculate the greatest common factor of 299 and 437.
23
What is the highest common factor of 20 and 852?
4
Calculate the highest common factor of 1311 and 285.
57
Calculate the greatest common divisor of 10943 and 62.
31
Calculate the greatest common divisor of 1406 and 74.
74
Calculate the highest common factor of 12 and 198.
6
What is the greatest common factor of 219 and 7373?
73
What is the highest common divisor of 145 and 5?
5
What is the highest common factor of 289 and 357?
17
Calculate the highest common factor of 17517 and 3.
3
Calculate the highest common divisor of 215 and 688.
43
Calculate the greatest common factor of 16 and 1024.
16
Calculate the greatest common divisor of 1530 and 225.
45
What is the greatest common divisor of 21 and 12?
3
What is the greatest common divisor of 20 and 1220?
20
Calculate the greatest common factor of 250 and 2.
2
What is the greatest common factor of 91 and 39?
13
Calculate the highest common divisor of 804 and 12.
12
Calculate the highest common factor of 18290 and 20.
10
Calculate the highest common divisor of 271 and 121950.
271
What is the greatest common divisor of 96 and